alculate j(19).
-24
Let b(x) = -2*x**3 - 6*x**2 + 8*x - 6. Give b(-4).
-6
Let f(z) = -z - 8. Determine f(-1).
-7
Let g(u) = u**2 - 14*u - 24. Give g(15).
-9
Let p(v) = v**3 + 13*v**2 - 33*v - 36. Give p(-15).
9
Let i(o) = 3*o**2 + 52*o + 21. Calculate i(-17).
4
Let l(h) = h**3 - 11*h**2 + 28*h - 4. Calculate l(8).
28
Let y(q) = q**2 - 8*q + 12. Calculate y(4).
-4
Let u(x) = -x**3 - 11*x**2 - 17*x + 11. Calculate u(-9).
2
Let a(v) = -4*v**2 + 5*v + 5. What is a(-1)?
-4
Let v(h) = h**2 - 23*h + 15. Calculate v(9).
-111
Let f(z) = -6*z - 28. What is f(-4)?
-4
Let d(z) = -z**3 - 6*z**2 + 2*z - 3. Give d(4).
-155
Let v(b) = -7*b**2 + 11*b + 3. Give v(-3).
-93
Let u(h) = h**2 - 13*h + 12. Determine u(9).
-24
Let b(w) = -w**2 - 17*w - 36. What is b(-13)?
16
Let z(f) = f**3 - 2*f**2 - 3*f - 3. What is z(4)?
17
Let q(a) = -a**2 + 17*a + 24. What is q(19)?
-14
Let s(i) = -i**2 + 25*i - 85. Calculate s(21).
-1
Let m(j) = 2*j**3 + 2*j**2 + 3*j + 1. Give m(-1).
-2
Let m(a) = -a**3 + 7*a - 23. Determine m(5).
-113
Let u(v) = v + 4. What is u(18)?
22
Let d(v) = v**3 + 2*v**2 - 3*v + 3. Calculate d(2).
13
Let n(x) = 6*x - 86. Determine n(16).
10
Let l(v) = v**2 - 4*v - 3. What is l(-2)?
9
Let n(t) = -10*t - 3. Give n(-3).
27
Let h(g) = 15*g + 548. Give h(-36).
8
Let c(m) = 3*m**2 + 4*m + 4. Give c(-2).
8
Let y(o) = -2*o**3 + 22*o**2 + 4*o - 55. What is y(11)?
-11
Let l(v) = -3*v**2 + 4*v + 3. Determine l(4).
-29
Let m(u) = -2*u**3 + 6*u + 10. What is m(-3)?
46
Let b(q) = 11*q + 8. What is b(-7)?
-69
Let c(o) = 2*o + 9. Determine c(-5).
-1
Let j(t) = -2*t**2 + 7*t + 11. Calculate j(8).
-61
Let h(y) = y**3 - 2*y**2 + 3. Determine h(0).
3
Let n(g) = -7*g + 1. What is n(8)?
-55
Let a(d) = 20*d + 257. Give a(-14).
-23
Let b(o) = -22*o. What is b(1)?
-22
Let t(q) = -7*q - 13. Calculate t(5).
-48
Let w(m) = -m**2 + 25*m - 54. Calculate w(23).
-8
Let k(p) = p**2 + 5*p - 75. Give k(-12).
9
Let b(w) = -w**2 - 13*w + 132. Calculate b(6).
18
Let b(a) = a**2 - a - 1. Calculate b(-1).
1
Let b(m) = -2*m**2 + 55*m - 21. Determine b(27).
6
Let x(u) = u**2 + 4*u - 1. Determine x(4).
31
Let c(b) = -b**3 - 11*b**2 - 7*b + 4. Determine c(-10).
-26
Let y(u) = -u**2 + 13*u + 6. What is y(13)?
6
Let u(h) = 8*h**2 - h. Give u(1).
7
Let r(y) = y**2 + 4*y - 58. Calculate r(-10).
2
Let o(x) = x**3 - x**2 + 3*x - 1. Calculate o(3).
26
Let t(d) = 6*d + 5. Calculate t(-4).
-19
Let l(a) = 2*a**3 + 4*a**2 + 3*a + 1. Give l(-3).
-26
Let p(g) = 3*g + 1. What is p(6)?
19
Let t(x) = x**2 - 7*x - 2. Determine t(6).
-8
Let g(f) = -f**2 + 9*f - 4. Give g(8).
4
Let t(h) = h**3 - 4*h**2 - 11*h - 18. Determine t(7).
52
Let a(r) = r + 8. Determine a(-5).
3
Let p(k) = 5*k - 2. Give p(4).
18
Let z(o) = o**3 + 2*o**2 - 11*o + 4. Determine z(-4).
16
Let n(k) = -27*k - 223. Give n(-8).
-7
Let m(b) = -b**2 - 116*b + 228. Determine m(2).
-8
Let c(o) = 17*o - 20. What is c(10)?
150
Let z(p) = p**3 + 6*p**2 - 27*p - 13. Determine z(-9).
-13
Let f(k) = 15*k + 10. Determine f(-4).
-50
Let w(t) = -5*t**2 - 4*t - 1. Give w(-1).
-2
Let g(j) = -j + 13. Determine g(6).
7
Let d(f) = -2*f**2 + 11*f + 3. Give d(7).
-18
Let w(a) = a**3 - 9*a**2 + 9*a - 2. What is w(8)?
6
Let q(f) = f**2 - 44*f + 243. Calculate q(37).
-16
Let c(q) = -q**3 + 8*q**2 - 8*q + 6. Determine c(7).
-1
Let a(w) = 4*w**3 + w**2 + 3*w - 2. Determine a(-2).
-36
Let v(a) = 30*a - 11. Calculate v(-1).
-41
Let t(l) = -l**3 - 22*l**2 + 73*l - 37. What is t(-25)?
13
Let m(u) = -u**3 - 5*u**2 + 2*u + 7. Calculate m(-5).
-3
Let a(z) = -z**3 + z. Calculate a(-1).
0
Let r(s) = -s**3 - 8*s**2 + 12*s - 3. Give r(-9).
-30
Let x(o) = o**3 + 6*o**2 - 8*o - 1. What is x(-7)?
6
Let w(r) = -r + 3. Calculate w(-10).
13
Let p(v) = 2*v**3 - 9*v**2 + 11*v - 32. What is p(4)?
-4
Let j(l) = -5*l**2 - 29*l + 10. Determine j(-6).
4
Let p(g) = -9*g - 347. Give p(-38).
-5
Let b(r) = r**3 + 3*r**2 - 2*r + 1. What is b(2)?
17
Let b(y) = -y**2 + 16*y - 16. Calculate b(7).
47
Let i(z) = 2*z**2 + 19*z + 7. Determine i(-10).
17
Let d(x) = -19*x + 482. Give d(25).
7
Let z(f) = 36*f + 534. What is z(-15)?
-6
Let h(l) = -l**3 + 19*l**2 - 20*l + 42. Give h(18).
6
Let o(r) = -r**2 + 3*r + 61. Give o(-6).
7
Let u(t) = t**2 + 4*t - 4. Calculate u(-5).
1
Let w(q) = -q**2 + 3*q - 3. What is w(2)?
-1
Let i(s) = 4*s + 2. Give i(-5).
-18
Let u(t) = -t**2 - 9*t + 13. Give u(-8).
21
Let i(k) = 2*k**2 + 22*k + 1. Give i(-11).
1
Let t(x) = 5*x + 15. Calculate t(-3).
0
Let a(y) = -y**3 + 4*y**2 + 13*y - 9. What is a(6)?
-3
Let j(m) = -19*m + 59. Determine j(3).
2
Let o(l) = 2*l**2 - l - 3. Give o(-2).
7
Let m(z) = -z + 13. Determine m(13).
0
Let o(b) = b**3 + 18*b**2 + 2. Determine o(-18).
2
Let w(s) = 20*s + 513. Determine w(-26).
-7
Let g(n) = -n + 6. Calculate g(3).
3
Let x(m) = -45*m**2 - 6*m + 5. Calculate x(1).
-46
Let l(d) = -d**3 - 9*d**2 - 18*d - 14. What is l(-5)?
-24
Let u(a) = a**3 - 5*a**2 - 6*a. Calculate u(4).
-40
Let g(b) = -2*b**3 - 53*b**2 - 28*b - 45. Give g(-26).
7
Let y(z) = z**3 + 6*z**2 - 3*z + 22. Determine y(-7).
-6
Let r(x) = -x**3 - 62*x**2 + 131*x + 193. Determine r(-64).
1
Let q(f) = -21*f**3 - 2*f**2 + 2*f. What is q(1)?
-21
Let u(t) = t**2 - 13*t - 33. Determine u(14).
-19
Let b(w) = -2*w**3 + 35*w**2 - 18*w + 11. Give b(17).
-6
Let n(v) = -2*v**2 + v + 4. What is n(5)?
-41
Let s(g) = -4*g - 15. Calculate s(-7).
13
Let z(w) = -w**2 + 5*w - 1. What is z(3)?
5
Let x(w) = -11*w - 52. What is x(5)?
-107
Let a(s) = -s**3 - 15*s**2 - 37*s - 15. Give a(-12).
-3
Let o(g) = 23*g + 269. Calculate o(-12).
-7
Let l(j) = j**3 + 20*j**2 - 20*j + 18. What is l(-21)?
-3
Let w(b) = 21*b**3 - 4*b**2 + 2*b + 2. Determine w(1).
21
Let r(h) = -21*h + 1. Give r(2).
-41
Let a(t) = -2*t**2 - 53*t - 262. What is a(-7)?
11
Let i(k) = -2*k**2 + 40*k - 36. What is i(19)?
2
Let o(f) = -f**3 - 18*f**2 - 78*f - 15. Calculate o(-11).
-4
Let l(y) = -15*y + 212. What is l(16)?
-28
Let j(s) = -2*s**3 + 9*s**2 - 5*s + 3. Determine j(4).
-1
Let h(c) = -c. Determine h(-21).
21
Let c(a) = -12*a**3 - a**2. Determine c(-1).
11
Let u(i) = 18*i - 208. What is u(11)?
-10
Let z(h) = -3*h**2 + h + 3. What is z(3)?
-21
Let z(t) = 66*t + 1. What is z(-1)?
-65
Let p(o) = -o**3 - 2*o**2 + 4*o + 1. Determine p(2).
-7
Let c(q) = -q + 4. Determine c(-8).
12
Let c(q) = -55*q**2 - q. Give c(-1).
-54
Let o(c) = -c**3 - 28*c**2 - 52*c - 9. Calculate o(-26).
-9
Let b(d) = 23*d**2 - 87*d - 16. Give b(4).
4
Let u(v) = v**3 + 8*v**2 - 31*v - 1. Calculate u(3).
5
Let q(x) = 3*x**3 + 5*x**2 + 2*x + 1. Give q(-3).
-41
Let f(l) = -l**3 + 7*l**2 + 6. Give f(7).
6
Let r(f) = -2*f**2 - 11*f - 5. Give r(-4).
7
Let k(f) = -7*f**2 + 4*f - 5. Determine k(3).
-56
Let c(w) = w**2 - 113*w + 439. Calculate c(4).
3
Let t(f) = 22*f + 18. Give t(-1).
-4
Let g(b) = -b**3 - b**2 + 8*b + 4. Calculate g(-4).
20
Let o(j) = -110*j + 440. What is o(4)?
0
Let l(n) = -10*n**2 + 1. What is l(1)?
-9
Let q(w) = 3*w**2 - w - 5. Determine q(-2).
9
Let x(z) = z**3 - 4*z**2 - 3*z - 8. Determine x(6).
46
Let v(j) = 13*j - 9. Calculate v(4).
43
Let q(l) = 8*l**2 - 36*l. What is q(5)?
20
Let t(p) = 3*p + 16. Determine t(-8).
-8
Let i(a) = -a - 6. Determine i(-2).
-4
Let u(x) = -4*x - 6. Give u(-3).
6
Let y(f) = -2*f**3 - 2*f**2 + 21*f - 4. Give y(-4).
8
Let x(h) = -2*h**3 - h + 2. Give x(1).
-1
Let w(f) = -f**3 + 11*f**2 - 16*f + 14. What is w(10)?
-46
Let o(v) = -v**3 + 7*v**2 - 6*v - 3. What is o(6)?
-3
Let o(c) = 35*c**3 - c**2 + 2*c - 1. Give o(1).
35
Let h(i) = -13*i - 5. Calculate h(-2).
21
Let d(q) = -3*q - 10. What is d(7)?
-31
Let b(i) = -2*i**3 - 3*i**2 + 12*i + 18. Give b(-2).
-2
Let g(c) = -c**3 - 24*c**2 - 21*c + 5. Calculate g(-23).
-41
Let b(u) = -u**3 - 2*u**2 - u - 45. What is b(0)?
-45
Let r(b) = b**2 - 8*b - 1. Give r(8).
-1
Let p(q) = -q - 2. What is p(10)?
-12
Let p(w) = -5*w + 60. Give p(15).
-15
Let y(l) = -51*l**2 + 2*l + 2. Calculate y(-1).
-51
Let y(w) = -w**2 + 2*w + 28. What is y(-6)?
-20
Let a(j) = 10*j**3 - j**2 + 1. Give a(-1).
-10
Let o(q) = 24*q**2 + 6*q + 5. Give o(-1).
23
Let i(b) = -26*b - 1. Determine i(2).
-53
Let z(d) = -d**3 - 7*d**2 + 9*d + 4. Give z(-8).
-4
Let k(d) = -23*d + 551. What is k(24)?
-1
Let x(m) = -3*m**2 + 41*m + 175. Calculate x(17).
5
Let z(t) = 3*t**2 - t - 4. Determine z(2).
6
Let j(i) = -i + 7. Calcula